)?
-10
Evaluate -21 + 1 - (1 - -61 - 75).
-7
-9 - (3 + (-12 - -33 - 8))
-25
What is (14 - (-10 - 40 - -8)) + -2 + -9?
45
-115 - (29 + -118) - 14
-40
What is (-6 - -4 - 9) + 5 + 1 + -26 + -61?
-92
Calculate 57 + -84 - (-11 + 14).
-30
Evaluate -89 - -25 - (-5 - -3 - (18 - 5)).
-49
5 - (-12 + (12 - (15 + (-10 - -24))))
34
What is the value of 1 + -72 + (8941 - 8872)?
-2
107 + 4 - (1600 + -1350)
-139
-24 + -6 + -8 + (1 - -24) - 3
-16
What is the value of -9 - (-8 + (-16 - (-9 + 11 + -12))) - -103?
108
What is -71 + -5 + 4 + 31?
-41
What is the value of (-46 - 0) + 17 + 5 + -1 + -19 + -4?
-48
106 + (102 - 261 - -64)
11
What is (14 - 33) + 17 - 54 - (0 - 12)?
-44
What is the value of 66 - (-43 + 30 + 16 - -34)?
29
What is the value of -32 - (-52 - (22 - (12 + -16)))?
46
-10 - (0 - (-15 - -53))
28
Evaluate (4 - (1 + 12)) + 127 + 5 - (-10 + 3).
130
Calculate 7 + 13 + (-9 - 15) - (1 + 142) - -1.
-146
What is the value of -9 + -1 + 15 + -16 - (3 - (0 + 53))?
39
Calculate (23 - -5 - 19) + -2 + -9 + -11.
-13
What is the value of -64 + (-34 - -33) - ((3 - -1) + -9 + 4)?
-64
Calculate 106 + (-11 - -12 - -16 - (11 - -7)).
105
What is the value of 24 + (69 - 183) + 14?
-76
What is (-12 - (5 + -12 + -1) - 6) + (1 - 9)?
-18
What is the value of 93 + (21 - (199 + -181 + 18 + 1))?
77
What is the value of -5 + (-5 - (-77 - -3 - (-14 - -25)))?
75
What is the value of (76 - 70) + (-1 - 3 - -6) + -47?
-39
Calculate 238 + -130 - 123 - (0 - 73).
58
What is the value of (4 + (22 - 17) - 75) + -14 + 3?
-77
What is the value of -2 - 26 - (-45 - (-83 + 52))?
-14
5 + -3 - (-3 + -53 + 5) - (-28 + 22)
59
10 - (3 + (10 - -33))
-36
Calculate (-8 + 4 - -1) + 17 - ((-2 - -14) + -65).
67
-22 - ((-10 - -6) + -109)
91
What is the value of -25 - (-20 - 25) - -16 - (16 + -1)?
21
Calculate 1 + -23 - (-3 + -101 + -8).
90
Calculate 0 - (10 - 53) - (-53 - 20).
116
What is -21 - ((11 - -1 - (36 + 7 + -35)) + 7)?
-32
What is the value of (71 - 214) + (83 - -43)?
-17
What is (16 - (-26 + 11)) + 25 + -25?
31
Calculate -72 + (22 + 1 - (1009 - 999)).
-59
-53 - -60 - (0 + 18) - 24
-35
What is -105 + (-20 - ((6 - 71 - -16) + 14))?
-90
What is the value of 11 - (9 + (-2 - 0) + (9 - 9 - -10))?
-6
What is the value of (604 - 576) + 3 + (-4 - -3) + (4 - 7)?
27
What is -13 + -1 - (-16 + -23 + 18)?
7
Evaluate 77 + 78 + -109 - 26.
20
-82 + (8 - 0 - 6) + -35 + 16
-99
Calculate -11 + -8 + -68 - -53.
-34
What is the value of -25 + (-9 - (3 + (4 - (6 + -2)) + -8))?
-29
What is the value of -15 - (-47 - (6 - 25) - -8)?
5
26 + (236 - 217 - (2 - -16))
27
80 - (127 + 27) - (-2 + (2 - -7))
-81
117 - 12 - (-13 + (9 - -4) - 19 - -11)
113
Calculate 17 - (-11 - (-21 - -41)).
48
What is 49 - (10 - -39) - 29?
-29
Evaluate -12 - 30 - -43 - (-100 - 0 - -2 - -2).
97
(0 + -1 + 0 - (-4 + -4)) + -8222 + 8221
6
Calculate -17 - 3 - (175 + -190) - (1 + -9).
3
Calculate -51 + -1 + -1778 + 1788.
-42
Calculate (-14753 - -14863) + 0 + -104.
6
Calculate (-100 - 43) + 0 + 9 + 14 - -18.
-102
What is the value of 103 - (5 - -76) - ((-7 - 1) + (-3 - 0))?
33
-60 + -1 + 138 + -2 + 5 + -19
61
What is the value of -83 - (-24 - 73 - 66)?
80
Calculate -3 + (24 - 34) + (4 - 6) + 2.
-13
Calculate 0 + -1 + (-1 - 1) + 202 + -266 + 181.
114
1 + (-39 - -30 - (0 + 10)) - 8
-26
What is (-26 - 2) + (-4544 - -4453)?
-119
What is (-5520 - -5532) + (-2 - 43)?
-33
1 + 39 - (-20471 + 20640)
-129
What is the value of 136 + (80 - 197) + 2?
21
What is (9 - (-12 - (-16 + -15 + 12))) + 12?
14
What is the value of (31 - (83 - 35)) + -9?
-26
What is the value of (40 - 36 - 20) + (13 - 2)?
-5
Calculate 142 + (48 - 142) - ((0 - -3) + (-4 - -4)).
45
Evaluate 137 + -122 - 82 - 17.
-84
Calculate -1 - 18 - (298 + -301).
-16
What is 5 + (1 + -1 - 5 - (-924 + 919))?
5
What is (-5 - -66 - 5) + (33 - (-3 - -54))?
38
79 - (-3 + (49 - -41))
-8
What is -66 + (47 - 16) + -23 + (-7 - 4)?
-69
What is 31 - (-1 + -7 - (207 - 209))?
37
Evaluate 9 + 1 + (384 - 426).
-32
(-7 + 8 - -6) + -31 + 22 - 8
-10
What is the value of 100 + -127 + (-8 - -8) + -30?
-57
What is the value of -225 + 70 + (153 - 89)?
-91
Calculate -8 + 1 + -2 - (22165 - 22214).
40
What is (1 - -8) + (5 - -3 - 23) + 45 + -3?
36
(-3352 - -3259) + 20 + 0
-73
Calculate (47 - 31) + 0 + 15 + 2.
33
Calculate (-3 + -12 - -10) + 12 - 4 - -33.
36
Evaluate (-12 - ((6 - 18) + 3 + 0)) + -8 + -3.
-14
What is the value of 11 - (-490 + 545 - (-1 + 1 + -2))?
-46
6 - (92 - (-32 - -59))
-59
Evaluate (0 - 22 - (280 - 321)) + (13 - 23).
9
What is -44 + (43 + -24 - 9)?
-34
-8 - -24 - 50 - -10
-24
What is the value of (-5 - -5 - 7 - -5) + 1 + (-169 - -233)?
63
Calculate -32 - -8 - -45 - (1 - 11).
31
Calculate 87 + -65 - (255 - 88).
-145
Evaluate -63 + 7 + 1 - (-24 + 12).
-43
Calculate 0 + (-2 - 1) + (-217 - -235).
15
What is (18 - -1) + (-15 - 18) + 17 - (37 + 0)?
-34
Evaluate -1 - (19 + 0 + (150 - 156)) - 55.
-69
Calculate (-5 + 5 - -24) + 3 + (3 - -1) + -13.
18
What is the value of 6 - (13 - 22 - (-17 - 3)) - (-1 + -66)?
62
Evaluate 2 + -55 + (2701 - 2747).
-99
What is -104 - (-84 - (26 + -63))?
-57
What is the value of (0 - 3) + -5 + -451 + 434?
-25
2 + -41 + (-15 - (-12 + 4 - -8)) + 5
-49
-1 + -10 - ((0 - (-12 - -14 - -23)) + 91)
-77
(0 - 4) + -2 + (63 - 1 - (17 - 17))
56
What is the value of 170 + -82 - (3 + -3 - (-5 - 2))?
81
What is (6 - -4) + -16 - ((100 - -2) + -91 + 77)?
-94
What is (15 - (3 - 2)) + (-76 - (-88 + 70))?
-44
What is the value of (6 - 2) + (-39 - 18) + 2 - -11?
-40
Evaluate (-12 - 39 - -29) + 0.
-22
What is (-312 - -316) + 7 + -27?
-16
Evaluate (-3 - -5) + 11 + -3 + (15 - (79 + 10)).
-64
Evaluate 11 - (-8 + -13 + 9 + 9 + -13).
27
Evaluate 1 - -56 - -6 - (-34 - -34).
63
What is -17 - -37 - (3 - -28 - -4)?
-15
Evaluate 35 - (-88 + 147 + 69).
-93
Evaluate -48 + (138 - 70) + -53.
-33
-25 + -6 + (24 - 21) - 4
-32
-3 + (-25 - -1) + (-162 - -171)
-18
Calculate (22 - 7) + -4 + 1 + 2 - (-92 - -195).
-89
What is the value of -6 - (0 - 6 - 6) - (1 - (-4 + 6))?
7
What is the value of (-5 - (-48 - (32 + -12))) + -24?
39
What is (-6 - -64) + (-92 - (75 - 213))?
104
Calculate 27 + (-13 - 36) + -2.
-24
What is -87 + 0 + 7 + -149 + 163?
-66
What is the value of 20 + -23 + 54 + -19 - -2?
34
3 + -131 + -4 + 1 + -99 + 115
-115
Evaluate (-14 + -10 - -13) + 3 + -5 + 24.
11
-3 + 7 - 15 - 2 - (168 - (38 + 58))
-85
Calculate (-3 - (1 + (-3 - -7))) + 7 + -7 + 62.
54
What is the value of -3 + -5 + 11 - (86 + 36 + -75)?
-44
(-1 - (68 - 7)) + (-4 + 17 + -10 - -6)
-53
What is 49 + -214 + 102 - -126?
63
43 + (-5 + (4 - 1) - (-11 + (9 - 2)))
45
Evaluate 13 + -41 + 28 + -4 + -15.
-19
What is 15 + 1 + (-90 - (21 + -62) - -8)?
-25
What is the value of (6 - -1) + (-21 - (40 - 16)) + 29?
-9
Evaluate (-20 + -2 - -47) + 24 - 13.
36
35 + 155 + -32 - (0 - -34)
124
Evaluate -112 + 38 + 22 - 10 - -2.
-60
What is the value of (-3288 - -3276) + -67 + 2?
-77
What is -47 + -36 + (14 - (19 - 17))?
-71
Calculate -4 + 14 + -17 - (-2 + 3) - -11 - -14.
17
What is 17 + -74 + 5 + (11 + 13 - 21)?
-49
What is the value of 65 - (16 - 4) - (-1 + -5)?
59
55 + (5 - -26 - 85)
1
What is the value of -1 - (-8 + 8) - (45 + 3 + 2 + -1)?
-50
Calculate (14 - 156) + 54 - -61.
-27
What is the value of 38 + (102 + -63 - -4)?
81
Calculate 9 + -79 - -19 - (-5 - 3).
-43
-14 + -26 + -19 + 9 + -1 + 0
-51
What is the value of -27 - -5 - (-3 + -30)?
11
Calculate -68 - (121 + (-157 - 14)).
-18
Evaluate (4 - -8) + -62 + (-1 - -1) + 4 + -9.
-55
Evaluate -2170 + 2191 - (20 + -1).
2
14 - 10 - 8 - (-1 + (-9 + 9 - 7))
4
-16 - ((4 - 14) + 22 + 5) - (0 + -6)
-27
Calculate 118 + (-62 - 50 - -81).
87
Evaluate -79 + (48 - 32 - 18) + 15.
-66
Calculate 0 + (-1 - 0) - (10 + 28 + -8).
-31
Evaluate 55 + (-117 - (-6 - 46)).
-10
Evaluate -78 - -65 - (-32 - 11).
30
What is (-14 - 6) + -64 + (0 - (9 - -4))?
-97
Calculate (66 - 69) + (1 + -3 - 0 - (6 + -8)).
-3
Evaluate (653 - 525) + 1 + -67.
62
Calculate -2 + -10 - (2 + (-16 - 0 - (-155 + 141))).
-12
Evaluate 1523 - 1497 - (92 + -5 + 5).
-66
-18 - (0 + -36 + (57 - 74))
35
What is 20 - (-6 + (-19 - -7) + 20)?
18
Evaluate 1 - 4 - (88 + -52 + -5) - -8.
-26
Calculate -91 - (-55 - -17) - -58.
5
Evaluate -4 - (-24 - 3) - (282 + -266).
7
What is (-89 + 93 - (0 - -3)) + 6?
7
What is the value of 1 + 9 + ((-10 - 0) + -2 - -17) + 8?
23
Evaluate -2 + (-14 - 11) + 9 